- 15*m**2 - 7*m + 18. Let a(p) = 11*j(p) - 4*y(p). What are the prime factors of a(-6)?
2, 11
Suppose -4*i = 0, 5*i + 537 = -5*w + 7042. List the prime factors of w.
1301
Suppose -3*w + 53 = 4*i, 4*i + w = -3*w + 56. Suppose 15*m = i*m + 152. List the prime factors of m.
2, 19
Suppose -5*a = -53 + 13. Suppose 2 + a = 2*i. List the prime factors of 4/i*(-15)/(-6).
2
Suppose 2 + 14 = 4*v, m + 4*v - 18 = 0. Suppose 15 = -3*g, 0 = -d - 2*d - 4*g - m. Suppose -3*j + d*j = 60. List the prime factors of j.
2, 5
Suppose -11*m - 8*m = -665. What are the prime factors of m?
5, 7
Suppose -4*n - 32 = 4*m, -3*n - 24 = 5*m - 0*m. Let u be 2 + n/(-4) + 4. Suppose 0 = u*w + 127 - 439. List the prime factors of w.
3, 13
Let t(p) = -3*p**2 - p**2 - 3 - 1 + 2*p**2 + 2*p. Let u be t(-3). Let b = -14 - u. List the prime factors of b.
2, 7
Let r be 5 + (-7)/(14/24). Let w(f) = -f**2 - 34*f - 6. List the prime factors of w(r).
3, 61
Let t(s) = s**3 + 25*s**2 + 56. What are the prime factors of t(-25)?
2, 7
What are the prime factors of (9 - (1 - 0))*1550/100?
2, 31
Let z be 321/4 - 9/36. Suppose -4*q + z = -124. Suppose -4*x - 5*k + q = 0, 5*x - 4*k - 97 = 18. What are the prime factors of x?
19
Let m = 213 + 15. Let w = -126 + m. List the prime factors of w.
2, 3, 17
Let k(a) = a**3 + 11*a**2 - 8*a - 12. Let c be k(-10). Suppose 6*u + c = 10*u. List the prime factors of u.
2, 3, 7
Suppose z - 286 - 124 = 0. Suppose -5*o = 10, -3*o = 5*l - 124 - z. What are the prime factors of l?
2, 3
Let p(x) = -10*x**3 + 2*x**2 - 22*x + 7. What are the prime factors of p(-5)?
13, 109
Let g be (4 - 10/4)*316/3. Suppose -5*r = 5*y - 420, 5*r = 3*r - 4*y + g. What are the prime factors of r?
89
Let j = 437 + -413. What are the prime factors of j?
2, 3
Let r = 716 - 301. Suppose r = 5*u + 60. What are the prime factors of u?
71
Let p = 26 - 23. Suppose p*f = -d + 1, 2 = 3*f - d - 9. What are the prime factors of f?
2
Suppose 15*r + 1586 = 2*x + 19*r, 2*x + 3*r = 1590. What are the prime factors of x?
3, 89
Let p = -1 - 17. Let q = 21 + p. Suppose 0 = -q*h + 4*u - 3*u + 57, -3*h - 3*u = -45. List the prime factors of h.
2, 3
Let l be 1*(0 + 0)*-1. Suppose l*m + 3*m = 9. Suppose -2*g - h - 41 = -m*g, -5*g = -3*h - 205. What are the prime factors of g?
41
Suppose 0 = -9*f + 4*f - 370. Let s = f + 122. List the prime factors of s.
2, 3
Let m = -35 - -64. Let w be (-4 - -8)/(2/m). Let q = w + -28. List the prime factors of q.
2, 3, 5
Let j(w) = -2*w**2 + w - 1. Let c be j(3). Let l = -11 - c. Suppose -3*p - p + 74 = 3*u, l*u = -p + 146. List the prime factors of u.
2, 3, 5
Let k = 2954 + 550. List the prime factors of 1/(20/k) - 4/20.
5, 7
Let x(f) = f**2 - f - 2. Let k(z) = -6*z + 16. Let o(n) = n - 3. Let h(q) = -2*k(q) - 11*o(q). Let m be h(3). List the prime factors of x(m).
2, 5
Let d(x) = x**3 + 16*x**2 - 17*x + 11. Let p be d(-17). Suppose 5*u - 324 = 3*t, p = -3*t + 2. What are the prime factors of u?
3, 7
Let u be 6/(250/82 - 3). Let n = -32 + u. Suppose -4*t + n = 3*j, -21 = 3*t + 2*j - 89. List the prime factors of t.
2, 11
Let l(z) = -z**3 + 7*z**2 - 7*z + 8. Let a be l(6). Suppose a*y - 1 - 3 = 0. What are the prime factors of y?
2
Let q be (-6)/(-1)*(-1)/(-2). Let s be (q/3)/((-2)/(-234)). Suppose 4*d + 49 - s = 0. What are the prime factors of d?
17
Let d = 27 + 5. Let v = 1 - -1. Suppose d = v*u - 6. What are the prime factors of u?
19
Suppose -3*t = -15 + 3. Suppose 2*m + 0 - t = 0. Suppose m*w + 2*w = 140. What are the prime factors of w?
5, 7
Let x(u) = -u. Let d(m) = -13*m - 17. Let i(l) = d(l) + 3*x(l). List the prime factors of i(-7).
5, 19
Let g be (12/27*201)/((-2)/(-3)). Let v = 296 - g. What are the prime factors of v?
2, 3
Suppose -5*j + 521 = 6*h - 3*h, 5*j - 511 = 2*h. Let y = -190 - -116. Let c = y + j. List the prime factors of c.
29
Let i(s) = 220*s + 2362. What are the prime factors of i(0)?
2, 1181
List the prime factors of 2/(2/1517) - (327 - 327).
37, 41
Suppose 4*v = -3*q - 238, v - 334 = 4*q - 2*v. List the prime factors of ((-3)/1)/(-1 + (-79)/q).
2, 41
Let h(b) = b**3 - 10*b**2 + 10*b + 3. Let t be h(9). Let j(w) = -2*w + 29. Let a be j(t). What are the prime factors of ((-15)/9)/a*-129?
43
Let s(c) = -1367*c + 190. List the prime factors of s(-2).
2, 17, 43
Let t(b) = 5*b - 23. Let w be t(7). Suppose -26 = -4*f + 62. Let s = f - w. What are the prime factors of s?
2, 5
Let v be (-3 - -1) + 27 - 3. Suppose -v = -a + 4*l, 3*a + 2*l - 10 = -0*a. What are the prime factors of -4*3/a*-38?
2, 19
List the prime factors of 1 + (-2 - (-4 - 1) - -168).
2, 43
Let p be (-223 + (4 - 0))*-1. Let f = p - 55. List the prime factors of f.
2, 41
Let d(j) = 2*j**3 + 3*j**2 + 4*j - 6. Let o be (1/5 - -1)/(4/10). List the prime factors of d(o).
3, 29
What are the prime factors of -3*5349/(-9)*1?
1783
Suppose 5*b = x + 29, 2*x = 4*x + 8. Suppose b*q = 4*r - r - 288, -4*r + 5*q + 384 = 0. What are the prime factors of r?
2, 3
Suppose 0 = 15*b - 6181 + 1726. What are the prime factors of b?
3, 11
Let q(r) = 200*r**2 - 28*r + 89. What are the prime factors of q(3)?
5, 19
What are the prime factors of 1*2506 - (25 - 18)?
3, 7, 17
Let o = -12 - -19. Suppose -o*v = -4*v. Suppose 2*h = 5*z - 148, v*h + h = z - 29. List the prime factors of z.
2, 3, 5
Suppose r - 6*r = -320. Let s = 124 - r. What are the prime factors of s?
2, 3, 5
Suppose -2*t + 53 - 9 = 0. What are the prime factors of (-1)/4*t*-8?
2, 11
What are the prime factors of (-5504)/(-3) - 82/(-246)?
5, 367
Let r = -47 - -51. Suppose -r*h - 1638 = -17*h. List the prime factors of h.
2, 3, 7
Suppose -5046 = -4*j + 3050. List the prime factors of j.
2, 11, 23
Let y(p) = -p**3 + 7*p**2 + 5*p - 15. Let n be y(7). Suppose -2*u + 236 = 4*a - 0*u, 5*u = n. What are the prime factors of a?
3, 19
Suppose 5416 = 4*c - 2*p, -20*p = -2*c - 17*p + 2716. List the prime factors of c.
2, 13
Suppose 36*k - 38*k = 10. Let v(f) = -f**3 - f**2 - f - 2. What are the prime factors of v(k)?
103
What are the prime factors of (-52*12/(-40))/(33/4400)?
2, 5, 13
Suppose 95 = -5*l + 4*r, 5*l + 30 = 3*r - 60. Let m be 6/l - (-794)/10. Let s = -30 + m. List the prime factors of s.
7
Let k = -2818 - -4005. List the prime factors of k.
1187
Suppose -1 = -2*b + 7, -v + 1 = -b. Let t be 3/v + (-480)/50. Let a(u) = -u - 6. List the prime factors of a(t).
3
Let a(r) = -130*r**2 - 2*r + 5. Let p(y) = -43*y**2 - y + 2. Let j(q) = 3*a(q) - 8*p(q). Let m be j(1). List the prime factors of (-240)/m*(-15)/(-2).
2, 5
Let k = -1924 + 2147. List the prime factors of k.
223
Let l(u) = -3*u - 17. Let b(x) = 2*x + 11. Let y(j) = 8*b(j) + 5*l(j). Let h be y(-11). Let c = h - -10. List the prime factors of c.
2
Let j(i) = -3*i - 9*i + 3*i + 1. Let g be j(-3). Suppose -59 = -3*v + g. List the prime factors of v.
29
Let g(b) = -146*b - 70. What are the prime factors of g(-2)?
2, 3, 37
List the prime factors of 4/20 - (-2652)/15.
3, 59
Let o(d) = 3*d**3 - d**2 - 6*d - 28. What are the prime factors of o(7)?
2, 5, 7, 13
Suppose 4*y + 59 = -5*j, -5*j + j - 1 = -y. Let t = 13 + y. Let f(d) = 3*d**2 + 4*d - 3. What are the prime factors of f(t)?
17
Let d = -301 - -720. What are the prime factors of d?
419
Let u = 2681 + 1106. List the prime factors of u.
7, 541
Suppose 3*k - 3*u - 6 = 0, -2 = -2*k - 5*u + 2. Let s be (8/32)/(k/16). Suppose a = 34 - s. What are the prime factors of a?
2
Let f(h) = -h**3 + 4*h**2 + 5*h + 6. Let c be f(6). Let s = 19 + c. Let j = 16 - s. What are the prime factors of j?
3, 11
Let q(w) = -w**3 - 13*w**2 - w + 1. Let y = 28 + -17. Let b = y + -24. List the prime factors of q(b).
2, 7
Suppose p + 1338 = 3*a, 5*a - 2*a - 2*p = 1338. What are the prime factors of a?
2, 223
Suppose 11*h - 9*h - 8 = 0. Suppose h*g = 5*w - 486, w - 2*g = -7*g + 103. What are the prime factors of w?
2, 7
Suppose 0 = 10*d + 1764 - 5584. List the prime factors of d.
2, 191
Suppose 4*h = 2*d + 20, 3*h + d + 0*d = 10. List the prime factors of h/6 + (-3 - 446/(-6)).
2, 3
Let d = -12 - -21. Let n(o) be the second derivative of o**5/20 - 2*o**4/3 - o**3 + 5*o**2 - 7*o. What are the prime factors of n(d)?
37
Let v(b) be the second derivative of -b**3/3 - 3*b**2/2 + b. Let y(p) = 2*p + 7. Let w be y(-7). List the prime factors of v(w).
11
Let i(b) = 27*b - 57. What are t